(l).
-2
Let s(i) = i**3 + 7*i**2 - 17*i + 12. Let l(c) = c**3 + 8*c**2 - 7*c + 9. Let d be l(-9). Let r be s(d). Let u(o) = -o**3 + 5*o**2 - 2*o + 4. Give u(r).
16
Suppose 294 = -12*x + 61*x. Let s(j) = -j**3 + 6*j**2 + 4*j + 1. Determine s(x).
25
Let b(n) = 1 + 2*n**3 - 3*n**3 + 3*n**3 + 117*n - 116*n + 2*n**2. Determine b(-2).
-9
Let g(n) = 2*n - 3. Let f = 33 - 26. Let a = f + 10. Let l = a + -23. Determine g(l).
-15
Let x(z) = -z**3 + 6*z**2 - 6. Let l(i) be the first derivative of i**2 - 7 + 3*i + 1/3*i**3. Let w be l(-3). What is x(w)?
-6
Let y be ((-84)/(-10))/((-18)/(-60)). Suppose 7*u + 4*p + 25 = 4*u, 4*p = -4*u - y. Let k(l) = l**2 + 5*l + 3. Calculate k(u).
-3
Let s(m) = 2*m - 31. Let i be 3 + (-78)/27 - (-375)/27. Give s(i).
-3
Let l(v) be the third derivative of v**4/24 - 7*v**3/2 - 14*v**2. Determine l(10).
-11
Let x(k) = -k + 1. Let b(m) = -6. Let z(s) = b(s) + 6*x(s). Suppose -3*g = -15, 3*g - 1 - 10 = 2*n. Determine z(n).
-12
Let h(m) be the third derivative of -m**6/120 + m**5/12 + m**4/24 - m**3/3 - 887*m**2 + m. Give h(5).
3
Let a(f) be the first derivative of 2 - 1/2*f**2 - 3*f. Let l = -136 - -133. What is a(l)?
0
Let y be ((-96)/(-56))/(7/(-49)) + 6. Let o(i) = i**2 + 12*i + 39. Determine o(y).
3
Suppose -4*m = -2*b + b - 33, -4*b - 20 = -2*m. Let a(w) be the second derivative of -13*w + 1/3*w**3 - 11/2*w**2 + 0. Determine a(m).
5
Let f(j) be the first derivative of -7*j**4/2 + 2*j**3/3 - j + 1. Let i(t) = -13*t. Let b(h) = 3*h. Let a(g) = -9*b(g) - 2*i(g). Let p be a(1). Give f(p).
15
Let k(r) = -r**3 + 4*r**2 + 7*r - 1. Let b = 25 + -18. Suppose v + 27 = 2*v + 3*f, -5*v = -5*f - 35. Let n = v - b. Determine k(n).
9
Let t(k) = 3*k**2 - 3*k - 4. Let z(r) = r + 1. Let w(l) = t(l) + 3*z(l). Let p = 226 - 223. Let g be (p/6)/(3/(-6)). What is w(g)?
2
Let k(q) = q**2 + 8*q - 12. Let l be k(-9). Let w be (-56)/(-12) + 2/l. Let s(n) = 0*n + w - n + n - 2*n + n**2. Give s(3).
7
Let p(g) = -3*g**2 - 2*g - 7. Let y(k) be the first derivative of -2*k**3/3 - 3*k**2/2 - 6*k + 1. Let o = 2 - 5. Let l(w) = o*p(w) + 4*y(w). Determine l(7).
4
Suppose -27 = -3*p - 6*p. Suppose 6*k - p*k + 5*n - 37 = 0, 5*k - 3*n - 5 = 0. Let w(z) = -z**3 + 3*z**2 + 2*z + 3. Determine w(k).
-5
Let b(h) = 3*h**2 + h + 2. Suppose 3 = -6*w - 3. Determine b(w).
4
Let t(u) = -13*u + 35. Let x(w) = 3*w - 9. Let p(k) = 2*t(k) + 9*x(k). Let c = 3571 + -3563. Determine p(c).
-3
Let x(f) be the second derivative of 3*f**3/2 - 9*f**2/2 - 6*f. Let k(o) = -4*o + 4. Let l(d) = 7*k(d) + 3*x(d). Suppose -2*c + 3 = -3. Calculate l(c).
-2
Let p(o) be the second derivative of 7*o**5/20 - o**4/6 + o**3/2 - o**2 + o - 49. Calculate p(1).
6
Suppose 27 = 3*r - 21. Suppose u - 1 = 5*a, -2*u - 2*a - 2*a = -r. Let n be -1*(u/2 + 0). Let t(h) = h**3 + 3*h**2 + 2*h - 4. Determine t(n).
-10
Let s = 322 + -311. Let g(k) = -3*k + 16. Determine g(s).
-17
Let b(m) = m - 1 - 7*m**2 + 3*m**3 + 3*m**3 - 2*m - 7*m. Let l(v) = 11*v**3 - 15*v**2 - 17*v - 2. Let t(z) = 13*b(z) - 6*l(z). Determine t(-1).
-12
Let u(z) = z**3 + z**2 + 8. Let v be u(0). Let y be 2 - 3/(12/v). Let a(n) = 5 - 2*n**2 - 3 + n + y. What is a(3)?
-13
Suppose 5*x = -4*k + 3*k - 46, 5*k - 30 = x. Let t = 6 + x. Let l(m) be the first derivative of -m**2/2 - 7*m + 76. Calculate l(t).
-3
Let z(s) = 0 + 3*s - 4*s + 0 - 1. Let q(d) = -d. Let r(a) = q(a) - 5*z(a). Let o(x) = -2*x - 3. Let j(w) = 5*o(w) + 3*r(w). What is j(-2)?
-4
Let b(z) = z**3 + 7*z**2 + 6*z - 7. Let i = 70 + -81. Let h(j) = -j - 17. Let p be h(i). Determine b(p).
-7
Let l(t) = -t + 3. Suppose 2*j - 8*j = -18. Suppose 3*y = -j*y + 30. Determine l(y).
-2
Let u = 7 - 5. Let m(g) = -u - g + g - g. Let h = 41 + -38. What is m(h)?
-5
Let v(a) be the second derivative of -a**3/2 - a**2 - 87*a. What is v(-4)?
10
Let m(v) = 3*v - 1. Let r be 6/12 - (-10)/4. Let p be -1 + -5 - (r - 6). Determine m(p).
-10
Let c(s) be the second derivative of 5*s + 1/6*s**3 + 0 - 7*s**2. Let h be c(13). Let d(z) = 3*z**3. Calculate d(h).
-3
Let y(i) = -i + 198*i**2 - 90*i**2 + 5*i - 109*i**2. Suppose 2*r = 4*r - 64. Suppose -5*t - r = -4*a - 1, 2*t = -4*a + 10. Determine y(a).
0
Let y(p) = p - 3. Suppose 36 = 3*i - 18. Let v(r) = r**2 - 17*r - 23. Let w be v(i). Give y(w).
-8
Let a be -2 + 66/24 + (-54)/8. Let o(u) = u - 2. Calculate o(a).
-8
Let b(o) = -o**2 + 3*o - 6. Let m(h) = h**2 - 4*h + 7. Let s = -1 + -4. Let f(r) = s*b(r) - 4*m(r). Let u(p) = 3*p**2 - 63*p - 140. Let z be u(23). Give f(z).
4
Let t(k) = -2*k**2 + 9*k + 4. Suppose -14*c + 37*c - 161 = 0. Calculate t(c).
-31
Let s(f) = 3 + 21*f**2 + 0*f - 6 - 10 - 4*f - 18*f**2. Give s(-2).
7
Let g be (-4)/3*150/(-20). Suppose -g = 4*f + u - 3*u, 0 = 3*f - u + 7. Let z(d) = -2*d - 2. Determine z(f).
2
Let a(k) = 5*k - 2*k**2 + 3*k - 2*k**2 + 8*k + 21. Let l(j) = j**2 - 4*j - 5. Let c be (-13)/(-7) + (-9)/(-63). Let g(p) = c*a(p) + 9*l(p). Calculate g(3).
-6
Suppose 79 - 19 = 5*r. Suppose 3*v + 0*f - 21 = -4*f, v + 3*f - r = 0. Let d(h) be the first derivative of h**4/4 - h**3 + h**2 + 2*h - 47. Give d(v).
8
Suppose 7 - 46 = 3*c + 5*t, 4*t = 2*c + 4. Let r(i) = -4*i + 7. Let j(s) = 5*s - 7. Let x(g) = -5*j(g) - 6*r(g). Calculate x(c).
1
Let v(f) = -3*f - 2*f + 6*f + f**3 + 7*f**2. Let t be ((-35)/(-4))/(24/96). Let l be (-104)/14 + 15/t. Calculate v(l).
-7
Let r(k) = 7 - k**3 + 0*k**2 + 729*k - 732*k + 4*k**2. Calculate r(5).
-33
Let k = -1787 - -1780. Let l(b) = -6*b + 6. What is l(k)?
48
Let j(b) = b**3 - 7*b**2 + 7*b - 9. Suppose 2*v - 8 = -0*v, 3*c + 2*v - 26 = 0. What is j(c)?
-3
Let h(j) = j**2 + 3*j + 1. Let r(c) = -2*c**2 - 5*c + 6. Let x(f) = h(f) + r(f). Calculate x(-4).
-1
Suppose 2*h - 3*h = -9*h. Suppose 5 = 5*z + 5*x, -2*x + h*x + 4 = 3*z. Let g(l) = 2*l - 3. Determine g(z).
1
Let k(p) = 0*p + 3*p - 4*p + 3. Let q = -53 + 51. Let x be (-1 + q + 5)/((-1)/(-2)). What is k(x)?
-1
Let i(v) be the second derivative of -v**3/3 - 3*v**2/2 - 85*v. Give i(-2).
1
Let h(x) = -1219*x**3 + 17*x**2 - 17 + 16*x + 1218*x**3 + 42. Calculate h(18).
-11
Let k = 28 - 24. Let f(l) = -43*l - k - 45*l - 1 + 86*l. Determine f(-6).
7
Let t(i) = 4*i + 11. Let z = 381 - 372. Determine t(z).
47
Let l(n) = -n**3 + 11*n**2 + 16*n - 13. Let w be (2 - -4)*(-1 - 15/(-5)). Determine l(w).
35
Let t(j) = -j**3 - 5*j**2 - 4*j - 3. Let c be t(-2). Let d(u) = 1. Let i(s) = s - 3. Let h(b) = -2*d(b) - i(b). Determine h(c).
8
Let b(a) = 6 - 297*a**2 + 290*a**2 + 15 + a**3 - 7 - 11*a. Calculate b(8).
-10
Let w(t) be the second derivative of -t**6/90 + t**5/60 + t**4/6 + t**3/2 - 55*t. Let q(n) be the third derivative of w(n). Calculate q(-2).
18
Let a(r) be the third derivative of -r**7/2520 + r**6/120 + 7*r**5/120 + 23*r**4/24 - 11*r**2. Let x(k) be the second derivative of a(k). Determine x(7).
0
Let x(p) = p**2 - 4*p - 5. Let r(i) = -i**3 - 2*i**2 + 8*i + 5. Let q be r(-4). Let j be x(q). Let o(b) = -b**2 + 4. Give o(j).
4
Suppose 42 = 3*f + 3*c, -f + c + 3 = -11. Let q(x) = 29*x - 8*x - x**2 - 2 - f*x - 10*x. Calculate q(-3).
-2
Suppose -q + 0*q = -2. Let b = 2 - q. Suppose 4*r - 25 + 9 = b. Let o(u) = -u**3 + 5*u**2 - u - 5. Calculate o(r).
7
Suppose m - 4 = -2. Suppose -4*c - m = -2*d, -2*d - 2*d - 2*c = 46. Let h be (-2)/((9/(-3))/d). Let n(v) = -v**3 - 5*v**2 + 7*v - 4. Calculate n(h).
-10
Let x = 2 + 1. Let p(h) = -3*h**2 + 5*h**3 - 10*h**x + 6*h**3 + h**2 - 4. Let q = 2 + 1. Calculate p(q).
5
Let x(l) = 3*l - 5*l + 3 - 5. Let b be (-16)/32*(1 - -5). Determine x(b).
4
Suppose -9*q + 2*q = -21. Suppose -3*m - 4*k - 21 = 0, k + 8 - 29 = q*m. Let y(w) = 2*w - 10. Give y(m).
-24
Let h(y) = y**3 + 14*y**2 - y + 2. Let z = 481 + -495. Determine h(z).
16
Let r = -14 - -14. Suppose -3*p = 5*x - 11, -x + r*x = -4*p + 7. Suppose p*c + 11 = 13. Let b(a) = -9*a**3 - a + 1. Calculate b(c).
-9
Suppose -25 = -s - 4*s + 3*h, 2*s + 4*h = -16. Suppose -3*d = s*v + 1, -v - 3*v - 6 = 2*d. Let z(r) = -r**2 + r + 1. What is z(v)?
-5
Let y(w) = -33*w + 335. Let q be y(10). Let a(v) = v**2 - v - 3. What is a(q)?
17
Let b(g) = 0*g - g - 6 + 1. Suppose 15*l - 13*l = -128. Let s = 58 + l. What is b(s)?
1
Let k be 0 - (-6)/27 - (-34)/9. Let b(j) be the third derivative of -2*j**2 + 0 + 0*j - 1/60*j**5 + 5/24*j**4 + 1/3*j**3. Calculate b(k).
6
Let o(z) = z**2 + 28*z - 387.